9*b**3 + b**2 + 3*b - 1. Give y(2).
-63
Let m(v) = -v**3 - 7*v**2 - 5*v + 1. Give m(-6).
-5
Let k(l) = -2*l - 7. Give k(-10).
13
Let m(q) = -q**2 + 12*q + 5. What is m(12)?
5
Let r(z) = -39*z - 5. Calculate r(-1).
34
Let t(y) = -y**3 + 3*y**2 - 5*y - 6. Calculate t(-3).
63
Let u(z) = z**3 - 4*z**2 - 2*z + 1. Calculate u(4).
-7
Let h(g) = -g**3 + 11*g**2 - 20. Determine h(10).
80
Let r(y) = y**3 + 5*y**2 - 16*y + 3. What is r(-7)?
17
Let h(f) = -f**2 - 16*f - 47. Calculate h(-4).
1
Let k(s) = -43*s + 15. Determine k(0).
15
Let j(c) = -8*c - 46. Calculate j(-4).
-14
Let q(d) = d - 24. Calculate q(18).
-6
Let h(i) = -11*i - 4. Calculate h(-3).
29
Let s(a) = 2*a**3 - 109*a**2 + 159*a - 2. Determine s(53).
-2
Let a(k) = -2*k**3 - k**2 + 68*k + 4. Determine a(-6).
-8
Let l(q) = -3*q - 22. Give l(-15).
23
Let u(d) = 2*d**3 + 2*d**2 + 3. Calculate u(-2).
-5
Let r(j) = -j + 13. Determine r(15).
-2
Let i(u) = 68*u - 1024. Give i(15).
-4
Let m(g) = g**2 - 23*g - 27. Calculate m(29).
147
Let f(x) = x**3 + 6*x**2 - 12*x - 12. Determine f(-7).
23
Let c(z) = z**2 - 4*z - 17. Calculate c(7).
4
Let i(j) = -j**2 + 2*j + 28. What is i(0)?
28
Let c(q) = -q**3 + 4*q**2 + 40*q + 10. Calculate c(9).
-35
Let j(n) = n**2 + 6*n - 35. Calculate j(-9).
-8
Let l(a) = 11*a**2 - a. Calculate l(2).
42
Let z(f) = -f**2 + 21*f - 57. Give z(3).
-3
Let i(g) = g**2 - 10*g - 80. What is i(-5)?
-5
Let u(a) = a - 16. Determine u(3).
-13
Let a(b) = b**2 - 14*b + 17. What is a(12)?
-7
Let p(y) = -y - 16. Calculate p(0).
-16
Let c(l) = l**2 + 25*l - 185. Give c(6).
1
Let c(l) = -2*l**3 - l**2 + 5*l + 3. Calculate c(-2).
5
Let b(k) = -7*k**2 + 20*k + 11. Calculate b(4).
-21
Let n(m) = 2*m**3 + 6*m**2 - 3. Determine n(-4).
-35
Let k(y) = -27*y**2 - 2*y + 1. Calculate k(1).
-28
Let c(r) = r - 12. What is c(0)?
-12
Let y(b) = b**2 + 11*b + 13. Calculate y(-11).
13
Let w(n) = -4*n + 58. Determine w(17).
-10
Let x(g) = -g**3 + 7*g**2 - 9. What is x(7)?
-9
Let g(v) = 3*v**2 - 2*v. Determine g(0).
0
Let y(x) = 5*x**2 + 61*x + 14. Calculate y(-12).
2
Let j(m) = -3*m**3 - m**2 - 2*m - 3. Determine j(-3).
75
Let o(q) = q + 4. Determine o(-9).
-5
Let p(m) = m + 6. Determine p(5).
11
Let t(h) = 83*h - 578. Determine t(7).
3
Let x(l) = -l**3 - 9*l**2 - 2*l + 6. Determine x(-9).
24
Let h(g) = 20*g - 2. Determine h(-2).
-42
Let g(v) = 4*v + 4. What is g(-4)?
-12
Let z(l) = -51*l**2 + l - 2. What is z(1)?
-52
Let s(n) = 2*n**2 + 10*n - 3. Give s(-7).
25
Let c(a) = -2*a**2 + 4*a - 6. Calculate c(6).
-54
Let u(d) = -d**3 + 33*d**2 - 32*d - 4. Give u(32).
-4
Let y(v) = v**2 + v - 131. Calculate y(0).
-131
Let x(s) = -s**2 + 17*s - 8. Give x(14).
34
Let l(z) = -5*z - 156. Determine l(-31).
-1
Let r(g) = -g**3 - 3*g**2 + 12*g + 17. What is r(-5)?
7
Let o(c) = 2*c**2 - 6*c - 5. Determine o(6).
31
Let w(d) = -4*d**3 + 20*d**2 + 22*d + 11. Give w(6).
-1
Let g(a) = 4*a - 6. Calculate g(3).
6
Let s(z) = 10*z**2 - 4*z + 4. Determine s(1).
10
Let u(i) = -i**2 + 89*i + 478. Give u(-5).
8
Let v(w) = 225*w + 458. Give v(-2).
8
Let v(m) = 2*m**2 + m - 3. Determine v(0).
-3
Let q(h) = 2*h**3 + 46*h**2 - 47*h + 17. Give q(-24).
-7
Let a(y) = -y**2 - 18*y - 1. Determine a(-18).
-1
Let w(d) = -2*d - 15. What is w(11)?
-37
Let q(z) = 10*z - 42. Determine q(3).
-12
Let s(p) = p**3 + 7*p**2 + 8. Give s(-7).
8
Let f(p) = 2*p**3 - 3*p + 1. What is f(3)?
46
Let y(b) = -b**3 - 22*b**2 + 23*b - 1. Calculate y(-23).
-1
Let o(t) = -t**2 + 7*t + 16. Calculate o(9).
-2
Let u(r) = -r**2 + 12*r - 28. What is u(6)?
8
Let l(h) = 13*h + 15. Determine l(-2).
-11
Let u(s) = s - 19. What is u(7)?
-12
Let r(o) = -o**3 - 7*o**2 - 3*o - 2. Give r(-6).
-20
Let v(q) = 2*q - 38. Determine v(17).
-4
Let q(b) = 74*b - 6. What is q(-3)?
-228
Let t(n) = -n**3 - 8*n**2 - 7. Determine t(-8).
-7
Let h(l) = l**3 - 2*l**2 - 6*l - 18. Calculate h(-4).
-90
Let r(m) = m**2 + 9*m + 1. Determine r(-7).
-13
Let g(r) = -3*r**2 - 3*r - 1. Give g(-2).
-7
Let y(k) = -k**3 - 11*k**2 + 3*k + 5. Calculate y(-11).
-28
Let m(s) = -s**3 + 3*s**2 + 4*s + 4. Give m(4).
4
Let v(t) = -13*t - 52. Determine v(-5).
13
Let t(d) = d**3 - 14*d**2 + 16*d - 14. Calculate t(13).
25
Let v(f) = f**3 + 43*f**2 + 43*f + 31. Give v(-42).
-11
Let z(i) = 5*i**2 + 2*i - 1. Give z(1).
6
Let b(x) = x + 4. Calculate b(-18).
-14
Let n(r) = -20*r + 52. Calculate n(3).
-8
Let m(f) = 2*f - 12. Determine m(9).
6
Let b(n) = -2*n**3 - 3*n**2 - 2*n - 3. Calculate b(-2).
5
Let q(n) = 26*n - 1. What is q(0)?
-1
Let c(i) = 2*i + 8. Determine c(-8).
-8
Let f(u) = -u - 16. Determine f(-17).
1
Let t(w) = -w - 12. What is t(-10)?
-2
Let i(t) = 53*t - 5. Determine i(2).
101
Let g(m) = -m**3 - 3*m**2 - 3*m + 1. Give g(-4).
29
Let d(i) = -i**3 + 6*i**2 - 3*i + 70. Give d(7).
0
Let p(c) = c**3 - 19*c**2 - 21*c + 18. Determine p(20).
-2
Let o(f) = 3*f**3 + f + 2. Determine o(3).
86
Let y(l) = -23*l - 159. Give y(-7).
2
Let t(s) = 9*s**2 + 3*s - 3. Determine t(-3).
69
Let k(c) = -3*c**3 + 45*c**2 - c + 14. Determine k(15).
-1
Let i(g) = g - 10. Give i(0).
-10
Let v(g) = -4*g**3 + 2*g**2 + 2*g - 9. Give v(2).
-29
Let w(b) = -5*b - 25. Determine w(-1).
-20
Let u(g) = -g**3 - g**2 - 2*g - 2. What is u(-2)?
6
Let n(a) = -a**2 - 7*a + 1. Determine n(-6).
7
Let q(g) = -8*g - 40. What is q(-14)?
72
Let v(d) = -2*d**2 - 8*d + 1. What is v(-6)?
-23
Let g(b) = -b**2 + 20*b - 78. What is g(22)?
-122
Let l(x) = 5*x**2 + 23*x + 17. Give l(-3).
-7
Let g(l) = -l**3 - 9*l**2 + 10*l + 13. Determine g(-10).
13
Let i(n) = -6*n + 48. Determine i(9).
-6
Let t(y) = y**3 - 18*y**2 + 14*y + 22. What is t(17)?
-29
Let d(x) = -5*x**2 - 47*x - 35. Determine d(-8).
21
Let q(i) = i**3 - 16*i**2 + 27*i + 18. Calculate q(14).
4
Let j(v) = v**3 + 19*v**2 + 14*v - 60. Determine j(-18).
12
Let a(j) = -3*j + 10. Determine a(9).
-17
Let c(w) = w**3 - 57*w**2 + w - 24. Give c(57).
33
Let r(s) = 3*s - 43. Calculate r(27).
38
Let m(a) = -a + 18. What is m(-13)?
31
Let g(f) = f**3 - f**2 + f - 37. Determine g(0).
-37
Let w(y) = -3*y**3 - 3*y**2 + 3*y - 1. Give w(3).
-100
Let o(a) = -2*a**2 + 68*a - 448. Calculate o(25).
2
Let g(n) = n**2 - 4*n - 20. Give g(-3).
1
Let n(h) = h**2 + 3*h + 20. Determine n(-5).
30
Let d(b) = 16*b + 204. What is d(-13)?
-4
Let m(q) = -2*q**3 - 3*q**2 - q + 2. Calculate m(-3).
32
Let w(j) = -j**2 - 8*j + 155. What is w(9)?
2
Let n(i) = -3*i - 2. Determine n(3).
-11
Let b(n) = n**3 + 5*n**2 - 6*n + 4. Calculate b(3).
58
Let y(b) = b - 12. What is y(7)?
-5
Let g(s) = 4*s - 152. What is g(41)?
12
Let g(u) = u**2 + 13. Calculate g(3).
22
Let g(z) = -z**3 - 4*z**2 + 82*z - 39. Calculate g(7).
-4
Let w(n) = 2*n**2 - 2*n - 5. Calculate w(4).
19
Let k(y) = -2*y**3 - 12*y**2 + 12*y - 10. What is k(-7)?
4
Let v(l) = -4*l + 1. What is v(5)?
-19
Let t(r) = -r**3 - 9*r**2 + 4*r - 9. What is t(-9)?
-45
Let s(f) = -f + 19. Determine s(-3).
22
Let v(y) = y**2 + 53*y + 394. Determine v(-44).
-2
Let w(y) = -y**3 + 6*y**2 - 5*y - 10. Determine w(5).
-10
Let b(i) = i**3 + i**2 + i - 17. Determine b(0).
-17
Let y(c) = -3*c**2 + c. What is y(1)?
-2
Let t(m) = -m**3 - 21*m**2 - 18*m + 43. Determine t(-20).
3
Let g(d) = d**3 - 25*d**2 + 63*d + 61. Determine g(22).
-5
Let a(x) = 9*x + 2. Give a(1).
11
Let x(a) = a**2 + a - 1. Give x(1).
1
Let k(o) = o**2 + 8*o - 4. Give k(-7).
-11
Let h(x) = -3*x**2 + x - 1. Calculate h(2).
-11
Let s(g) = 7*g + 12. Calculate s(-5).
-23
Let s(p) = 22*p + 40. What is s(0)?
40
Let x(k) = -k**3 + 12*k**2 + 9*k + 10. Determine x(13).
-42
Let y(p) = -p**3 - 16*p**2 + 2*p + 8. Give y(-16).
-24
Let m(i) = 4*i + 2. Calculate m(1).
6
Let o(v) = v**2 - 21*v + 47. Calculate o(19).
9
Let u(m) = m + 37. Give u(-28).
9
Let k(l) = l + 2. Calculate k(2).
4
Let g(q) = -q**3 - 19*q**2 - 36*q - 32. Calculate g(-17).
2
Let b(l) = 11*l**2 - 4*l + 5. Determine b(1).
12
Let c(h) = h**2 - 29*h - 109. Determine c(32).
-13
Let g(q) = -q**3 - 11*q**2 + 18*q + 73. Give g(-12).
1
Let f(y) = 2*y**2 + 11*y + 13. What is f(-7)?
34
Let f(x) = -2*x**2 + 10*x + 4. Give f(6).
-8
Let q(n) = n**2 - 3*n - 7. Determine q(3).
-7
Let s(h) = -3*h - 5. Give s(0).
-5
Let i(j) = j**3 + 6*j**2 - 12. Determine i(-6).
-12
Let i(m) = m - 4. Give i(3).
-1
Let z(r) = -2*r - 15. What is z(-5)?
-5
Let t(b) = 12*b - 187. Calculate t(15).
-7
Let w(h) = -h**2 - 2*h - 6. 